00
9c (base 13) to base 9
153
-3 (base 6) to base 5
-3
-1 (base 14) to base 9
-1
What is -14 (base 7) in base 12?
-b
10221 (base 3) to base 14
78
What is 103 (base 15) in base 5?
1403
What is -1515 (base 6) in base 5?
-3112
10 (base 3) to base 15
3
What is 2 (base 15) in base 16?
2
What is -37 (base 8) in base 10?
-31
10111 (base 4) to base 6
1141
Convert 48 (base 10) to base 8.
60
Convert 2 (base 5) to base 14.
2
Convert 1101 (base 2) to base 9.
14
What is 12 (base 3) in base 9?
5
Convert -6 (base 7) to base 12.
-6
What is 1001 (base 2) in base 3?
100
Convert 130 (base 4) to base 8.
34
Convert 4 (base 6) to base 16.
4
What is 1 (base 8) in base 6?
1
Convert 39 (base 12) to base 11.
41
-67 (base 10) to base 5
-232
Convert 2 (base 13) to base 8.
2
Convert 7 (base 16) to base 8.
7
3f (base 16) to base 2
111111
-143 (base 8) to base 7
-201
-3 (base 14) to base 4
-3
-5 (base 7) to base 5
-10
Convert 0 (base 5) to base 2.
0
What is 7 (base 16) in base 15?
7
Convert -31 (base 8) to base 2.
-11001
-5 (base 13) to base 5
-10
3 (base 12) to base 10
3
-2 (base 6) to base 4
-2
-7 (base 9) to base 5
-12
-49 (base 16) to base 14
-53
0 (base 3) to base 6
0
What is -54 (base 9) in base 5?
-144
Convert 0 (base 8) to base 3.
0
-5 (base 16) to base 14
-5
What is -5e (base 15) in base 7?
-155
Convert -9 (base 15) to base 16.
-9
3 (base 9) to base 15
3
What is 2 (base 10) in base 9?
2
Convert 13 (base 4) to base 2.
111
Convert -2 (base 4) to base 9.
-2
Convert -29 (base 15) to base 8.
-47
-1000011 (base 2) to base 3
-2111
What is -11 (base 9) in base 8?
-12
-1 (base 16) to base 9
-1
What is 442 (base 6) in base 13?
101
Convert -2220 (base 3) to base 16.
-4e
-4 (base 9) to base 15
-4
10 (base 2) to base 10
2
What is -c0 (base 16) in base 9?
-233
3 (base 7) to base 6
3
-20 (base 3) to base 12
-6
Convert 14 (base 8) to base 4.
30
Convert -1 (base 12) to base 7.
-1
-101001 (base 3) to base 16
-10f
What is 100 (base 2) in base 15?
4
Convert -645 (base 8) to base 14.
-221
Convert -5 (base 7) to base 15.
-5
Convert -2b (base 16) to base 5.
-133
Convert -122 (base 4) to base 5.
-101
Convert -111 (base 4) to base 15.
-16
-12 (base 11) to base 14
-d
8b (base 15) to base 4
2003
What is 2 (base 15) in base 3?
2
What is -19 (base 14) in base 4?
-113
What is -1 (base 4) in base 12?
-1
Convert 1 (base 11) to base 6.
1
1 (base 5) to base 16
1
6 (base 8) to base 12
6
-66 (base 7) to base 6
-120
-4 (base 12) to base 4
-10
-10 (base 13) to base 6
-21
What is -6 (base 8) in base 12?
-6
What is 222 (base 4) in base 6?
110
Convert 2 (base 15) to base 14.
2
Convert 4 (base 13) to base 7.
4
What is 0 (base 4) in base 11?
0
Convert -14 (base 5) to base 2.
-1001
Convert -5 (base 11) to base 14.
-5
What is -171 (base 12) in base 7?
-445
11 (base 3) to base 16
4
What is -71 (base 8) in base 15?
-3c
-100 (base 4) to base 2
-10000
b (base 12) to base 10
11
What is -4 (base 5) in base 7?
-4
What is -21 (base 3) in base 9?
-7
Convert -6 (base 11) to base 9.
-6
-3 (base 15) to base 7
-3
What is -5 (base 6) in base 8?
-5
What is 1122 (base 6) in base 10?
266
What is -1 (base 15) in base 10?
-1
What is -2a (base 13) in base 2?
-100100
-512 (base 6) to base 10
-188
4 (base 7) to base 6
4
100001000 (base 2) to base 10
264
Convert 22221 (base 3) to base 4.
3301
What is -4 (base 13) in base 6?
-4
What is 10 (base 4) in base 16?
4
6 (base 8) to base 9
6
Convert 19 (base 13) to base 9.
24
Convert -56 (base 10) to base 4.
-320
Convert -540 (base 6) to base 15.
-d9
Convert -2 (base 13) to base 14.
-2
-1 (base 7) to base 15
-1
Convert 5 (base 14) to base 8.
5
-3a (base 15) to base 16
-37
Convert 414 (base 8) to base 14.
152
Convert 0 (base 11) to base 6.
0
21 (base 5) to base 7
14
Convert 2 (base 16) to base 6.
2
What is -11210 (base 4) in base 6?
-1352
Convert 53 (base 15) to base 2.
1001110
-72 (base 9) to base 8
-101
-116 (base 9) to base 10
-96
What is -230 (base 9) in base 5?
-1224
-1111 (base 3) to base 4
-220
-103 (base 10) to base 12
-87
What is -20 (base 4) in base 16?
-8
Convert 1a2 (base 16) to base 8.
642
What is -201 (base 3) in base 10?
-19
Convert -1 (base 3) to base 15.
-1
Convert 5 (base 13) to base 4.
11
Convert 110 (base 2) to base 8.
6
8 (base 10) to base 7
11
18 (base 11) to base 4
103
What is 11 (base 4) in base 14?
5
What is 2 (base 8) in base 10?
2
What is -2 (base 4) in base 10?
-2
Convert 4 (base 13) to base 8.
4
Convert 0 (base 3) to base 13.
0
What is 1001111 (base 2) in base 14?
59
What is -6 (base 7) in base 16?
-6
What is -464 (base 7) in base 4?
-3302
100 (base 2) to base 4
10
-14 (base 9) to base 16
-d
-120 (base 10) to base 13
-93
What is -515 (base 7) in base 3?
-100112
1 (base 9) to base 7
1
-10111 (base 2) to base 6
-35
What is 556 (base 8) in base 14?
1c2
Convert -d (base 14) to base 13.
-10
What is 18 (base 14) in base 7?
31
-20 (base 3) to base 4
-12
-110 (base 4) to base 16
-14
What is -3 (base 5) in base 16?
-3
176 (base 8) to base 11
105
100101 (base 2) to base 7
52
Convert 3 (base 9) to base 14.
3
5 (base 11) to base 7
5
What is -56 (base 14) in base 10?
-76
10001 (base 3) to base 15
57
Convert -120 (base 3) to base 6.
-23
Convert 0 (base 5) to base 8.
0
16 (base 10) to base 3
121
48 (base 16) to base 12
60
-20 (base 16) to base 8
-40
What is -10 (base 3) in base 11?
-3
What is -30 (base 6) in base 16?
-12
-2d (base 14) to base 2
-101001
What is -3 (base 11) in base 2?
-11
29 (base 11) to base 5
111
10c (base 13) to base 4
2311
What is 4 (base 14) in base 9?
4
What is 5 (base 14) in base 6?
5
What is -11 (base 3) in base 16?
-4
What is -80 (base 9) in base 4?
-1020
-148 (base 12) to base 3
-21102
What is 51 (base 11) in base 12?
48
Convert 3 (base 4) to base 16.
3
Convert -41 (base 7) to base 16.
-1d
Convert d (base 15) to base 11.
12
-2 (base 14) to base 3
-2
What is 2 (base 6) in base 7?
2
Convert -10 (base 5) to base 9.
-5
-30 (base 5) to base 14
-11
-1 (base 3) to base 15
-1
Convert 27 (base 14) to base 9.
38
What is -213 (base 6) in base 3?
-10000
2 (base 15) to base 14
2
42 (base 6) to base 16
1a
What is 122 (base 6) in base 10?
50
8 (base 12) to base 2
1000
a (base 16) to base 15
a
Convert -19 (base 14) to base 4.
-113
Convert -2 (base 6) to base 10.
-2
What is 2210 (base 3) in base 7?
135
-30 (base 7) to base 12
-19
Convert 396 (base 10) to base 9.
480
Convert -1 (base 16) to base 10.
-1
What is 8 (base 15) in base 5?
13
What is -370 (base 8) in base 12?
-188
What is 6 (base 14) in base 9?
6
What is 11 (base 10) in base 9?
12
What is -10023 (base 4) in base 8?
-413
Convert -115 (base 6) to base 5.
-142
301 (base 4) to base 8
61
-10 (base 7) to base 6
-11
1 (base 7) to base 14
1
Convert -122 (base 4) to base 14.
-1c
Convert 7 (base 14) to base 15.
7
Convert 0 (base 11) to base 16.
0
344 (base 5) to base 13
78
Convert 100101 (base 2) to base 8.
45
Convert 1 (base 6) to base 10.
1
What is -3 (base 15) in base 12?
-3
326 (base 7) to base 4
2213
Convert -54 (base 8) to base 14.
-32
-360 (base 11) to base 15
-1d9
-7 (base 11) to base 2
-111
2 (base 9) to base 14
2
2c (base 14) to base 5
130
What is 40 (base 5) in base 6?
32
-155 (base 7) to base 9
-108
Convert 3 (base 12) to base 13.
3
26 (base 8) to base 13
19
Convert -166 (base 10) to base 9.
-204
Convert 110 (base 3) to base 4.
30
Convert 2 (base 9) to base 3.
2
Convert -8 (base 11) to base 2.
-1000
What is 1022 (base 3) in base 7?
50
-200 (base 8) to base 13
-9b
-120 (base 3) to base 4
-33
Convert 3 (base 5) to base 8.
3
117 (base 10) to base 2
1110101
Convert 3 (base 8) to base 3.
10
Convert 0 (base 6) to base 3.
0
1 (base 8) to base 3
1
Convert -10b (base 15) to base 13.
-152
70 (base 9) to base 11
58
What is 3 (base 8) in base 5?
3
Convert -2 (base 12) to base 3.
-2
What is -2 (base 8) in base 4?
-2
Convert -3 (base 12) to base 13.
-3
What is 103 (base 4) in base 3?
201
Convert 311 (base 4) to base 9.
58
-11 (base 7) to base 6
-12
What is 10 (base 14) in base 6?
22
Convert 11000111 (base 2) to base 11.
171
What is -12 (base 6) in base 8?
-10
Convert -21022 (base 3) to base 2.
-11000101
Convert -1 (base 6) to base 3.
-1
Convert 16b (base 16) to base 10.
363
What is 3 (base 16) in base 15?
3
Convert a6 (base 14) to base 2.
10010010
Convert 35 (base 6) to base 16.
17
0 (base 14) to base 2
0
What is 132